 when 40 is divided by d?
19
Suppose -j + 138 = 2*j. Suppose -3*n - 6 = -2*n. Calculate the remainder when j is divided by (-1 - (-15)/(-9))*n.
14
Suppose 4*y = 2*p + 36, -y - 3*p = -3*y + 18. What is the remainder when y is divided by (-4)/16 + (-26)/(-8)?
0
Let c(x) = x + 4. Calculate the remainder when 21 + 1 + (2 - 1) is divided by c(4).
7
Let t = 41 - 29. Calculate the remainder when 46 is divided by t.
10
Suppose -2*d + 4*d - 44 = 0. Let w = 45 - d. Calculate the remainder when w is divided by 6.
5
Let i(k) = 18*k**2 + 2*k - 1. Let h(x) = -x**2 - 8*x - 6. Let v be h(-7). Let p(f) = 36*f**2 + f. What is the remainder when p(1) is divided by i(v)?
18
Let g(w) = 2*w**3 - 3*w**2 - w + 4. What is the remainder when 23 is divided by g(2)?
5
What is the remainder when 49 is divided by (-56)/(-4) + -5 + 4?
10
Let l(u) = 2*u**2 - u + 8 - 3*u**2 + 5 + 9 - u**3. Calculate the remainder when 41 is divided by l(0).
19
Let w(i) = 10*i**2 - i - 1. Suppose -5 = 3*l - 2. Calculate the remainder when (-55)/(-3) - 18/(-27) is divided by w(l).
9
Suppose 66 = 5*i - 2*o, 6*i - 68 = i + o. Suppose -22 = 5*l - 7*l. Calculate the remainder when 580/28 + 4/i is divided by l.
10
Suppose -4*d + 259 = 3*o, -2*d + 0*o = 5*o - 133. Suppose -5*s + 71 = -39. Calculate the remainder when d is divided by s.
20
Suppose 0 = 3*f - 7*f + 516. Calculate the remainder when f is divided by 33.
30
Suppose -111 - 24 = -5*f. Let c = -14 + f. What is the remainder when c is divided by 5?
3
Let k = 5 + 107. Suppose -4*p + 179 = 5*f - 363, f - k = -2*p. Calculate the remainder when f is divided by 27.
25
Let v = 4 - 4. Let t = 15 - -2. Calculate the remainder when t is divided by 4/6*(9 - v).
5
Let q = -8 - -53. Suppose -5*l - 21 + 6 = t, 2*t - 5*l - q = 0. What is the remainder when 18 is divided by t?
8
Let b(h) = h**3 + 11*h**2 - 4*h - 12. Let j be 4/(-14) + 375/(-35). What is the remainder when b(j) is divided by 7?
4
Let i = 1 - -2. Suppose 0 = -4*p - 2*s + 88, -4*s = -p - i*p + 112. Calculate the remainder when 69 is divided by p.
21
Let l(r) = 4*r**2 + 3*r - 1. Calculate the remainder when 51 is divided by l(-3).
25
Let y = -163 + 72. What is the remainder when 1 + 35 + (1 - -1) is divided by (-2 - -1)/(7/y)?
12
Let o(m) = m**2 - m - 1. Let r be o(4). Suppose 13 = 3*v - r. Calculate the remainder when 13 is divided by v.
5
Let r(x) be the third derivative of -x**5/60 - 11*x**4/24 - 11*x**3/6 + 2*x**2. What is the remainder when r(-8) is divided by 5?
3
Suppose 2*p - 9 + 1 = 0. Suppose 0 = -2*h - 2*u + 17 + 1, -p*u + 48 = 5*h. Let j = -63 - -70. What is the remainder when h is divided by j?
5
Suppose 3*i - 518 = -5*b + i, 192 = 2*b - 3*i. Let n = b + -50. What is the remainder when n is divided by 18?
16
Let g = -51 + 72. What is the remainder when g is divided by 8?
5
Calculate the remainder when -2*(3 + (-15)/2) is divided by 4.
1
Let l = -60 - -154. What is the remainder when l is divided by 24?
22
Suppose -164 = -4*f + 40. Suppose -29 + 104 = 5*o + 5*l, -5*o + l = -f. What is the remainder when o is divided by 6?
5
What is the remainder when 44 is divided by 5/((-5)/(-4)) - 16/(-2)?
8
Let z(q) = -1 + 0*q**2 + 3 + 11*q - q**2. What is the remainder when (-1)/2 - (-7)/2 is divided by z(11)?
1
Suppose -4*p + 136 = 2*q, 2*q = 13 - 5. Calculate the remainder when p is divided by 18/((-14)/(-4) + -2).
8
Suppose 1875 = 11*i + 4*i. Calculate the remainder when i is divided by 42.
41
Let v(f) = -13*f - 4. Let d be v(3). Let k = d - -154. Calculate the remainder when k is divided by 28.
27
Let w(q) = -4*q - 43. Calculate the remainder when w(-19) is divided by 18.
15
Suppose 0 = 2*t + t - 75. Calculate the remainder when t is divided by 14.
11
Let c(l) = 5*l - 12. What is the remainder when c(9) is divided by 18?
15
Let d = 76 + -48. Calculate the remainder when 106 is divided by d.
22
Let p(u) be the second derivative of -7*u**3/6 + u**2 + 2*u. Suppose 6 = 3*d - 42. Calculate the remainder when p(-4) is divided by d.
14
Suppose 0 = -4*o + z - 2*z + 164, 4*z + 184 = 4*o. What is the remainder when 123 is divided by o?
39
Let y(z) = 5 - 4*z + 3*z**2 + 3*z - 4*z**2. What is the remainder when 9 is divided by y(0)?
4
Suppose -3*h = 5*i - 23, h + 7 = 3*i - 4*h. Calculate the remainder when 7 is divided by i.
3
Let q(s) = 8*s**2 + 4*s - 4. Let c be q(3). Suppose 4*y = 3*m - c, -2*m + y = 5*y - 20. Calculate the remainder when (-4 + 1)*m/(-15) is divided by 2.
0
Let b(f) = f**3 + 12*f**2 + f + 12. Let p be b(-12). Suppose -m = 2*r - 16, -r = -p*r + 4*m - 1. Calculate the remainder when r is divided by 4.
1
Calculate the remainder when 20/30*183/2 is divided by 7.
5
Let h(n) = -2*n**3 + 27*n**2 - 16*n - 13. Let z(r) = r**3 - 13*r**2 + 8*r + 6. Let l(p) = 6*h(p) + 13*z(p). Calculate the remainder when l(6) is divided by 7.
5
Suppose -4*q - 124 = -2*l, 0 = -q + 3*q + 8. What is the remainder when l is divided by 28?
26
What is the remainder when (-19*1 - -1)*(-21)/7 is divided by 14?
12
Let u be 0 + 242/(1/1). Suppose -3*r - 54 = 5*p - u, r - 76 = 5*p. Suppose 12 = 2*x - r. What is the remainder when x is divided by 14?
11
Suppose -3*i - 2 = 4*w, -5 = -i - 5*w - 13. Suppose -i*k + 32 = -4*h, h - 27 = -3*k - 0*h. Calculate the remainder when 18 is divided by k.
8
Let x(p) = 2*p + 49. Calculate the remainder when x(-9) is divided by 11.
9
Let v(x) = 12*x**2 - 1. Let p(k) = k - 7. Let t be p(6). Suppose 30 - 216 = -6*n. Calculate the remainder when n is divided by v(t).
9
Suppose 2*b = 4 + 4. Suppose -b*y + 5*x + 0*x + 52 = 0, -5*x = 3*y - 39. Calculate the remainder when 237/6 + (-6)/4 is divided by y.
12
Let y = 2 - -1. Suppose -112 = 3*j - 7*j + 5*d, -35 = -j + y*d. Calculate the remainder when j is divided by 11 - (1/1 - 2).
11
Suppose -4*h = -5*i - 135, 2*h - 5*i - 175 = -3*h. Calculate the remainder when h is divided by 7.
5
Suppose -2*v + 3 = -v. Suppose v*q - 57 = -0*q. What is the remainder when (-111)/(-2) - (-2)/(-4) is divided by q?
17
Suppose -3*l - 1 = -19. Suppose 2*z - l - 2 = 0. Let b(c) = 7*c. Calculate the remainder when b(1) is divided by z.
3
Suppose 0 = k + k - 3*g - 3, -5*k + 4 = -4*g. Suppose 4*j - 33 = -0*j + f, 4*j + f - 23 = k. Calculate the remainder when 19 is divided by j.
5
Let j(a) = 2*a**2 - a. Let s be j(5). Let h = 63 - s. Calculate the remainder when h is divided by 0/4 + 10/1.
8
Suppose 0 = 3*y - 98 - 115. Suppose -5*m - 52 = -5*h + 13, -5*h - m + y = 0. Calculate the remainder when h is divided by 8.
6
Suppose 3*i + 3*h + 6 = 0, 2*i + 4*h + 6 = -6. Suppose 0*t - 22 = -z - 4*t, -4 = -i*z + 2*t. Calculate the remainder when 16 is divided by z.
4
Calculate the remainder when (-6)/8 + 246/8 is divided by 11.
8
Let p = -28 - -48. Calculate the remainder when (-1 - -4)*-1 + p is divided by 10.
7
Let c be (-143)/(-4) + 3/12. Let u = c - 24. Calculate the remainder when u is divided by 7.
5
Suppose -k + 4*k - 9 = 0. Suppose -3*d + 29 = -5*m - 2, -d - k = 5*m. Calculate the remainder when d is divided by 2.
1
Suppose 1 = -6*i + 7. Suppose a + 4*a = 5*h, -3*h = -5*a. Suppose a = z - 2. What is the remainder when z is divided by i?
0
Suppose 2*w - 16 = -0*w + 2*i, 6 = w - 3*i. Calculate the remainder when 24 is divided by w.
6
Let k(h) = h**2 - 3*h - 5. Suppose 8*m = 3*m + 90. Suppose -3*r + m = -5*g - 2, 4*r - 2*g - 22 = 0. What is the remainder when 13 is divided by k(r)?
3
Let t(q) = -q**3 + 8*q**2 + 5*q - 2. Calculate the remainder when t(8) is divided by 14.
10
Let f = -1 + 14. Let r = 18 - f. Let u = -2 - -10. Calculate the remainder when u is divided by r.
3
Let o = 15 + -11. Let v(m) = -m**3 + 9*m**2 - 7*m - 10. Let p be v(8). Let k(c) = -2*c - 1. Calculate the remainder when o is divided by k(p).
1
Let q(y) = y**2 - 2*y - 17. What is the remainder when q(8) is divided by 12?
7
Suppose -60 = -s + 2*l, -4*s + 2*l = -0*l - 234. Calculate the remainder when s is divided by 15.
13
Let b(z) = z**2 + 9*z - 10. Let v be b(-8). Let m = v - -32. Calculate the remainder when 40 is divided by m.
12
Let b(r) = -r**3 - 25*r**2 - 2*r - 22. What is the remainder when 51 is divided by b(-25)?
23
Let i be ((-26)/4)/(1/(-6)). Suppose 17 = 4*s - i. What is the remainder when 55 is divided by s?
13
Suppose -2*a + 2*j + 408 = 2*a, -2*a + 188 = 3*j. Suppose t - a = -4*t. What is